{"id":1093,"date":"2025-09-21T10:33:10","date_gmt":"2025-09-21T10:33:10","guid":{"rendered":"https:\/\/propolonia.be\/?page_id=1093"},"modified":"2025-09-21T11:14:59","modified_gmt":"2025-09-21T11:14:59","slug":"o-nas-2","status":"publish","type":"page","link":"http:\/\/propolonia.be\/?page_id=1093","title":{"rendered":"O nas"},"content":{"rendered":"\n<p>Jeste\u015bmy grup\u0105 Polak\u00f3w, kt\u00f3rych losy i \u017cyciowe decyzje zaprowadzi\u0142y do Belgii. Tu mieszkamy i pracujemy. Cho\u0107 na co dzie\u0144 jeste\u015bmy cz\u0119\u015bci\u0105 belgijskiego spo\u0142ecze\u0144stwa, nasze polskie tradycje, j\u0119zyk i obyczaje pozostaj\u0105 dla nas niezwykle wa\u017cne. Chcemy piel\u0119gnowa\u0107 polsko\u015b\u0107 \u2013 uczy\u0107 j\u0119zyka ojczystego, rozwija\u0107 \u015bwiadomo\u015b\u0107 narodow\u0105 i pokazywa\u0107 pi\u0119kno kraju, z kt\u00f3rego pochodzimy. Wierzymy, \u017ce znajomo\u015b\u0107 w\u0142asnych korzeni wzmacnia poczucie to\u017csamo\u015bci, buduje pewno\u015b\u0107 siebie i pozwala lepiej odnale\u017a\u0107 si\u0119 w wielokulturowym spo\u0142ecze\u0144stwie.<\/p>\n\n\n\n<p>Z my\u015bl\u0105 o tym powsta\u0142a Polska Szko\u0142a Sobotnia i Polskie Przedszkole Sobotnie w Geel. Nasze zaj\u0119cia skierowane s\u0105 do dzieci w wieku od 3 do 12 lat. Opr\u00f3cz nauki j\u0119zyka polskiego wprowadzamy najm\u0142odszych w \u015bwiat historii, geografii i kultury Polski, a tak\u017ce piel\u0119gnujemy tradycje i \u015bwi\u0119ta narodowe. Chcemy, aby ka\u017cde dziecko mog\u0142o zachowa\u0107 wi\u0119\u017a z ojczyzn\u0105 swoich rodzic\u00f3w, a w przypadku powrotu do Polski \u2013 \u0142atwo odnale\u017a\u0107 si\u0119 w tamtejszej szkole i codziennym \u017cyciu.<\/p>\n\n\n\n<p>R\u00f3wnie wa\u017cnym aspektem naszej dzia\u0142alno\u015bci jest integracja lokalnej Polonii. Organizujemy spotkania, uroczysto\u015bci i wsp\u00f3lne inicjatywy, kt\u00f3re sprzyjaj\u0105 budowaniu wi\u0119zi oraz kszta\u0142towaniu pozytywnego wizerunku Polak\u00f3w w Geel i okolicach.<\/p>\n","protected":false},"excerpt":{"rendered":"<p>Jeste\u015bmy grup\u0105 Polak\u00f3w, kt\u00f3rych losy i \u017cyciowe decyzje zaprowadzi\u0142y do Belgii. Tu mieszkamy i pracujemy. Cho\u0107 na co dzie\u0144 jeste\u015bmy<span class=\"more-dots\">&#8230;<\/span><\/p>\n","protected":false},"author":1,"featured_media":0,"parent":0,"menu_order":0,"comment_status":"closed","ping_status":"closed","template":"","meta":{"footnotes":""},"class_list":["post-1093","page","type-page","status-publish","hentry","no-post-thumbnail"],"_links":{"self":[{"href":"http:\/\/propolonia.be\/index.php?rest_route=\/wp\/v2\/pages\/1093","targetHints":{"allow":["GET"]}}],"collection":[{"href":"http:\/\/propolonia.be\/index.php?rest_route=\/wp\/v2\/pages"}],"about":[{"href":"http:\/\/propolonia.be\/index.php?rest_route=\/wp\/v2\/types\/page"}],"author":[{"embeddable":true,"href":"http:\/\/propolonia.be\/index.php?rest_route=\/wp\/v2\/users\/1"}],"replies":[{"embeddable":true,"href":"http:\/\/propolonia.be\/index.php?rest_route=%2Fwp%2Fv2%2Fcomments&post=1093"}],"version-history":[{"count":4,"href":"http:\/\/propolonia.be\/index.php?rest_route=\/wp\/v2\/pages\/1093\/revisions"}],"predecessor-version":[{"id":1109,"href":"http:\/\/propolonia.be\/index.php?rest_route=\/wp\/v2\/pages\/1093\/revisions\/1109"}],"wp:attachment":[{"href":"http:\/\/propolonia.be\/index.php?rest_route=%2Fwp%2Fv2%2Fmedia&parent=1093"}],"curies":[{"name":"wp","href":"https:\/\/api.w.org\/{rel}","templated":true}]}}

<p>Jesteśmy grupą Polaków, których losy i życiowe decyzje zaprowadziły do Belgii. Tu mieszkamy i pracujemy. Choć na co dzień jesteśmy częścią belgijskiego społeczeństwa, nasze polskie tradycje, język i obyczaje pozostają dla nas niezwykle ważne. Chcemy pielęgnować polskość – uczyć języka ojczystego, rozwijać świadomość narodową i pokazywać piękno kraju, z którego pochodzimy. Wierzymy, że znajomość własnych korzeni wzmacnia poczucie tożsamości, buduje pewność siebie i pozwala lepiej odnaleźć się w wielokulturowym społeczeństwie.</p>



<p>Z myślą o tym powstała Polska Szkoła Sobotnia i Polskie Przedszkole Sobotnie w Geel. Nasze zajęcia skierowane są do dzieci w wieku od 3 do 12 lat. Oprócz nauki języka polskiego wprowadzamy najmłodszych w świat historii, geografii i kultury Polski, a także pielęgnujemy tradycje i święta narodowe. Chcemy, aby każde dziecko mogło zachować więź z ojczyzną swoich rodziców, a w przypadku powrotu do Polski – łatwo odnaleźć się w tamtejszej szkole i codziennym życiu.</p>



<p>Równie ważnym aspektem naszej działalności jest integracja lokalnej Polonii. Organizujemy spotkania, uroczystości i wspólne inicjatywy, które sprzyjają budowaniu więzi oraz kształtowaniu pozytywnego wizerunku Polaków w Geel i okolicach.</p>

<p>Jesteśmy grupą Polaków, których losy i życiowe decyzje zaprowadziły do Belgii. Tu mieszkamy i pracujemy. Choć na co dzień jesteśmy<span class="more-dots">&#8230;</span></p>
